+ 1 + f**z + 1. Calculate j(-2).
-7
Let z(j) = j**3 + 5*j**2 - 7*j - 2. Let o be z(-6). Let f(q) = -4 + o + 3*q - 2*q. Calculate f(4).
4
Let s(v) = 36 + 32 - v - 65. Calculate s(3).
0
Let c = 5 - 4. Let q(n) = -6*n**3 + n - 1. What is q(c)?
-6
Let s(k) = k**3 + 2*k**2 - 4*k. Let o(y) = 2*y - 1. Suppose -5*a + 2*g = -6*a + 5, -a = 3*g - 8. Let b be o(a). Calculate s(b).
3
Let k(d) be the second derivative of 5/2*d**2 + 0 + 2*d + 1/12*d**4 + 7/6*d**3. Suppose -z = z + 10. Calculate k(z).
-5
Suppose -5*h - 2 = -5*m + 28, -8 = -2*m. Let z(l) = -2*l + 1. Let n be z(h). Let a(v) = 2*v - 5. What is a(n)?
5
Let s(a) = a + 1. Let b(i) = -i**2 - 8*i - 3. Suppose 0*p + 3*p + 21 = 0. Let z be b(p). Suppose 26 = u - z*f, 0*u + 3*f = -5*u + 15. What is s(u)?
7
Suppose -50*z = -48*z + 6. Let m(v) = 2*v - 3*v - 3 + 6. Determine m(z).
6
Suppose -4*b + v + 3 = -2, 5*b - 22 = -4*v. Let z(q) = -1 - 2 + 4*q - 7*q**2 + 6*q**b. Suppose 16 = -3*m - 0*m - 5*p, -p - 8 = -m. Give z(m).
0
Let m(g) = -g**2 + 3*g + 6. Let n(l) = -l - 1. Let h(s) = -m(s) - 3*n(s). Determine h(0).
-3
Let j(y) = -2*y + 3. Let v(s) = -6*s + 8. Let t(a) = -14*j(a) + 5*v(a). Let x(l) = l**3 + 9*l**2 + 7*l - 6. Let w be x(-8). Calculate t(w).
-6
Let p(t) be the first derivative of t**2/2 - 7*t + 12. Calculate p(4).
-3
Let n be -2 + -6*2/(-4). Let p(i) = -n - 2*i - 3 + 3*i. Determine p(5).
1
Let f(o) = -o + 3. Suppose -8 = 2*g + 4. Let j be (-4)/g + (-40)/15. Let x = -2 - j. Calculate f(x).
3
Let q(a) = 2*a + 23. Let g be q(-14). Let w(l) = -15*l + 7. Let x(i) = -8*i + 4. Let h(s) = 6*w(s) - 11*x(s). What is h(g)?
8
Let q(z) be the third derivative of z**5/60 - z**4/24 - 3*z**2. Suppose 17 = -5*y + 4*i, y + 15 = 2*i - 7*i. Let u(c) = c + 3. Let w be u(y). Determine q(w).
6
Let a be 1/(4/(-10))*-2. Suppose -b + 5*m = -19, 3*m - 12 - 27 = -a*b. Let i = b - 11. Let q(x) = -2*x**2 - x + 1. What is q(i)?
-5
Let o(a) = 3*a**2. Let y be o(1). Let r(c) = -8*c**y - c + 2 + 7*c**3 + 2*c**2 + c. Calculate r(2).
2
Let k(i) = i + 5. Let p(n) = n + 1. Let u(z) = -k(z) + 5*p(z). What is u(-2)?
-8
Let r = 1 + -1. Suppose t + 6 - 8 = r. Let c(s) = s**t - 4*s**3 - 1 + 3*s**3 + 0 + 3*s + 0*s**3. Give c(2).
1
Let y(t) = t - 1. Let m = -4 + -1. Determine y(m).
-6
Let i be 4/10 - (-8)/5. Let g(l) = -l**3 + 3*l**2 - l - 2. Calculate g(i).
0
Let b(w) = -2 - 65*w - 1 + 66*w - 1. Determine b(7).
3
Let v(u) be the second derivative of u**3/6 + 4*u**2 - 12*u. Calculate v(-4).
4
Let y(c) = 2*c - 4. Let j(b) = -5*b + 9. Let x(q) = -3*j(q) - 7*y(q). What is x(-2)?
-1
Let o(l) = -l**2 - 7*l - 7. Suppose 4*j + 5 = 3*v - 6, 27 = -3*j - 4*v. Calculate o(j).
3
Let r = 2 - -1. Let q(y) = 0*y**2 - 2*y**2 + 2 + r*y**2 - y. Give q(2).
4
Suppose 2*b = b + 2. Let p(s) = s - 1. Let f(n) be the first derivative of 4*n**2 - 5*n - 6. Let x(c) = f(c) - 2*p(c). Determine x(b).
9
Suppose i = -5*f + 2*i - 20, 0 = -5*f - i - 20. Let m be (-144)/(-63) + f/14. Let q be m/(-8) + (-3)/(-12). Let a(s) = -s**2 + s + 6. What is a(q)?
6
Let o(q) be the third derivative of 1/120*q**6 - q**2 + 1/8*q**4 + 0*q + 0 + 1/2*q**3 + 1/15*q**5. Let b(z) = z**2 + 22*z + 19. Let x be b(-21). What is o(x)?
5
Let o be (-178)/14 + 4/(-14). Let g = 8 + o. Let f(l) = l**3 - l**2 + 5*l + 1. Let q(w) = -w**3 - 6*w - 2. Let t(r) = g*f(r) - 4*q(r). Determine t(5).
-2
Let w(c) = 0 - 1 + 3*c + 2. Let v(q) = -q**2 + 2*q**2 - 1 - 2*q - 6. Let s be v(4). What is w(s)?
4
Let y(k) be the first derivative of k**3/3 - 3*k**2 + 2*k + 3. Calculate y(4).
-6
Let t(f) = -4*f - 1. Let s(v) = -4*v - 1. Let q(h) = -2*s(h) + 3*t(h). Let c be -1 - -3 - (-1 - -2). Let n = 2 - c. Determine q(n).
-5
Let t(z) = -6*z + 6 - 4*z**2 + 0*z + z**2 + 8*z**2 + z**3. Determine t(-6).
6
Suppose -2*c = c + h - 15, -c + 5 = -5*h. Let q(k) = k**3 - 5*k**2 - 1. Determine q(c).
-1
Let q(w) = w**3 + 4*w**2 + 3*w. Suppose 0 = 2*i - j - 5 - 2, 2*i - 2*j = 6. Suppose 2*y - 4 = i*y. What is q(y)?
2
Let w(s) = s**2 + 7*s + 3. Suppose -4*n - 50 = n. Let k(o) = o**2 + 5. Let f be k(0). Let g = n + f. What is w(g)?
-7
Let b(t) = -t**3 - 2*t**2 + 3*t + 2. Let a(c) = 3*c**3 + 6*c**2 - 8*c - 5. Let n(r) = 3*a(r) + 8*b(r). Let k be 2 - 3*1/1. Let d be 2*6/4*k. Give n(d).
-8
Let g(m) = -m - 6. Let z be ((-5)/(-10))/(1/(-10)). Give g(z).
-1
Let b(h) = 2*h + 3. Let y = -7 + 11. Let z be (-4)/8 - 6/y. What is b(z)?
-1
Let c(h) = 3*h + 2. Let q(y) = y - 1. Let s(u) = -c(u) + 2*q(u). Calculate s(-4).
0
Suppose -n - 2 + 7 = 0, -4*j = -3*n + 99. Let v be 4/14 - 57/j. Let z(q) = -2*q + 4*q**3 + 7*q**3 - 2 - 3*q**v + 3. What is z(1)?
7
Let v be -1*(-2 - -3)*-4. Let s(x) = -7*x**2 + 0*x + 4*x + 6*x**2 + v. Calculate s(5).
-1
Let n(b) = 79*b**3 + b. Let t be n(-1). Let u be 2/(-9) - t/36. Let a(c) = -c**u + 2*c - c - 5 + 4*c. Determine a(5).
-5
Let j be 6/(-9)*9/(-6). Let c be (j/(-2))/((-3)/(-36)). Let a be (2 - (-16)/c)*-3. Let t(y) = y**3 - 3*y**2 - y + 1. Determine t(a).
-5
Let s = 23 - 21. Let o(h) = s*h - 3*h + 26*h**3 - 19*h**3. Calculate o(-1).
-6
Let p(c) = -c**2 + 1. Let z(l) = 4*l**2 + l - 16. Let v(h) = -5*p(h) - z(h). Suppose 2*r - 8 + 0 = 0. Let o(q) = q**3 - 4*q**2. Let f be o(r). Calculate v(f).
11
Suppose -2*k + 10 = -62. Suppose 5*x - k = -x. Let d(z) = z**2 - 5*z - 8. What is d(x)?
-2
Let z(d) = 2*d - 3. Let a be ((-4)/6)/((-3)/(45/5)). What is z(a)?
1
Let j(c) = 3*c**2 + c + 1. Let l be j(-1). Let o(v) be the second derivative of v**3/6 + 2*v**2 + 202*v. What is o(l)?
7
Let d(j) = j**3 - 5*j**2 + 4*j - 4. Suppose 0 = -2*z + 3 + 5. What is d(z)?
-4
Let a(o) = 4*o. Let j(v) = -v**2 - 13*v - 1. Let b be ((-2)/5)/(2/(-10)). Let m(f) = b*j(f) + 7*a(f). Calculate m(2).
-6
Let p(l) = -36*l**2 - 5. Let c(s) = 12*s**2 + 2. Let y(i) = -8*c(i) - 3*p(i). Give y(1).
11
Suppose -2*q = 5*o + 16, -q + 1 = 3*o + 10. Let z(p) = -2*p - 1. Determine z(q).
5
Suppose 0 = -3*o + 2*k - 0*k - 13, 5*o = 3*k - 21. Let z(f) = -f**3 - 2*f**2 + 3*f - 4. Calculate z(o).
-4
Let w be ((-9)/(-3))/(1/1). Suppose -w*f + 0*f = -2*j - 16, -4*j + 10 = f. Let l(s) = -s + 2. Calculate l(f).
-4
Let l(k) = 3*k**2 + 1 - 3*k**2 + k - k**2. Calculate l(0).
1
Let d(j) = 2*j. Let y be d(2). Let v(p) = 0*p**2 - y*p + p**3 + 0*p**3 - p**2 + 3. Let a = 3 - 1. Give v(a).
-1
Let z(f) = -f**3 - 3*f**2 + 4*f + 4. Let y = 10 - 16. Let l be 1*((1 - -1) + y). What is z(l)?
4
Let j(b) = b**2 + 13*b + 36. Let z be j(-10). Let c(u) = -u**2 + 8*u - 9. What is c(z)?
3
Let x(i) = i. Let j be x(3). Let v(y) = y**2 + y - 4*y + 1 - j + 5*y. Determine v(-4).
6
Suppose -16 = 4*q - 0*q. Let r(s) = -s**3 + s**2 - s + 1. Let v(z) = 5*z**3 - 10. Let o(i) = 4*r(i) + v(i). Determine o(q).
10
Let m(z) = z**2 + 2*z - 1. Let f be m(-3). Suppose -f*c = w + 4 - 2, 4*w - 3*c - 3 = 0. Let n(a) = -a**2 - 10. Determine n(w).
-10
Let c(m) be the first derivative of -7*m + 1/2*m**2 + 1/3*m**3 + 8. Give c(0).
-7
Let b(h) = 5*h + 76. Let d(c) = c + 15. Let n(g) = -2*b(g) + 11*d(g). What is n(-6)?
7
Let l(q) = 2 + 0*q + q + 11*q**2 - 10*q**2. Determine l(0).
2
Let i(c) = -2*c**2 + 1. Suppose -5*z - 2 = 3. Let w be 1/(z/(-2*1)). Suppose -v - w = -1. Determine i(v).
-1
Suppose -12*d = -15*d + 12. Let w(i) be the second derivative of i**4/12 - 5*i**3/6 - i**2 - i. Determine w(d).
-6
Let r(j) = -9*j**3 - 2*j**2 - 27. Let z(o) = -5*o**3 - o**2 - 14. Let h(v) = 4*r(v) - 7*z(v). Give h(0).
-10
Let z(j) = -24 + 22 - 3*j - 3*j - j**2. What is z(-5)?
3
Suppose -3*i = 3, 5*a - 3*i = -0*i - 2. Let q(n) be the second derivative of -n**4/12 - n**3/3 + n. What is q(a)?
1
Let t = -72 + 67. Let c(j) = 2*j + 7. What is c(t)?
-3
Suppose 4*b = -3*d + 52, 52 + 0 = 4*d + b. Let w = 12 - d. Let s(l) = l**3 - l**2 + l + 6. Give s(w).
6
Let w(m) = 2*m + 4. Let u be w(-7). Let r = u + 7. Let h be r/(5/(-4) - -2). Let i(y) = -y**2 - 5*y + 3. Calculate i(h).
7
Let p(r) = r**3 + 5*r**2 - 6*r - 1. Suppose 2 = -d + 4*m, 4*d + 24 = 2*m + 2. Determine p(d).
-1
Let j(t) = 5 + 0 - 6. Let l(m) = -m + 5. Let y(o) = -4*j(o) - l(o). Determine y(-5).
-6
Let k(n) be the second derivative of -n**4/12 + n**3/3 + 2*n**2 + n. Let g(o) = o**2. Let a be g(-2). What is k(a)?
-4
Suppose -2*f + 0*s - 26 = -2*s, f + 3 = -s. Let y = f + 4. Let x(m) = -m - 9. Let c be x(y). Let a(o) = o**2 + 6*o + 1. What is a(c)?
-4
Let c(b) = -b**2 + 3*b - 4. Let h(x)